 + 4*p - 18, t + 12 = 4*p - 3. Calculate y(t).
2
Let h(a) = 2*a**2 + 3*a - 4. Let f be h(-3). Suppose 9 + 6 = f*b. Let u(i) = -i**3 + 4*i**3 - b*i**3 + i**3 - 2*i - 5*i**2 + 7. Determine u(5).
-3
Let j(d) be the third derivative of -d**6/120 + d**3/6 - 10*d**2. Suppose -3*b + 2*i - 4*i = -3, -4*i - 4 = -4*b. What is j(b)?
0
Suppose -5*q + 32 = 2. Let a(s) = -s**2 + 6*s - 4. Calculate a(q).
-4
Let f(i) = -2*i + 7. Let h(o) = 1 + 3 + 0 - 5. Let j(w) = w - 6. Let v be j(5). Let k(t) = v*f(t) - 6*h(t). Give k(-1).
-3
Let p(a) = 3*a - 2*a + 0*a - 2. Let m = -1 - 1. Let t be (-15)/5 + (-14)/m. What is p(t)?
2
Suppose 0 = -f + 3 - 0. Suppose 2*c - 10 = -f*c. Let u(g) be the first derivative of -g**2 - g + 97. Determine u(c).
-5
Let p(n) = n + 4. Let a be p(-7). Let y(c) = -6*c. Let v(k) = 2*k. Let h(l) = 16*v(l) + 5*y(l). Give h(a).
-6
Let k(r) = r**2. Let d(b) = -b**3 + 3*b - 4. Let u(z) = -d(z) + 4*k(z). Give u(-5).
-6
Let o(z) = -z + 3 - 5 - 5 + 2. Calculate o(-4).
-1
Suppose 5*k - 2*x = 27, 0*x = -4*k - 5*x + 15. Let o(g) = -g**2 + 7*g - 7. Give o(k).
3
Let a(i) = -i - 1. Suppose 3 = -p + 4. Let o = -1 + p. Determine a(o).
-1
Let j(s) = 5*s**2 + 4*s + 3. Let b(u) = -15*u**2 - 11*u - 8. Let m(k) = -4*b(k) - 11*j(k). Let g be m(-1). Let y(v) = 2*v - 6. Give y(g).
2
Let m(q) = 10*q + 8*q - 19*q + 2 + 4. What is m(7)?
-1
Let j(g) = 3*g - 2 - 2*g - 3*g. What is j(-5)?
8
Suppose 4*g = -0*g. Let o(y) be the first derivative of 3*y**2/2 + 2. Let u(b) = 4*b + 1. Let a(i) = -5*o(i) + 4*u(i). Determine a(g).
4
Let y(u) = -u**2 + 4*u + 3. Let d be ((-20)/(-6))/(6/(-9)). Let q(b) = b**2 - 4*b - 3. Let k(x) = d*q(x) - 4*y(x). Give k(4).
3
Let o(k) = 0*k - 17 - k + 13. What is o(4)?
-8
Let t(l) = 5*l**2 + 2*l - 2. Let z(v) = -7*v - 47. Let x be z(-7). What is t(x)?
22
Suppose 3*v = a - 9, 1 = -3*a - 3*v - 2*v. Let t(q) = -q**3 + 4*q**2 - 3*q - 1. Determine t(a).
-1
Let r(z) = -z**2 + 6*z + 4. Let u(f) = f**2 - f. Let b(n) = r(n) + 2*u(n). Give b(-3).
1
Let q(s) = 4*s**2 + s**3 - 180 + 179 - 2*s**2. Calculate q(-1).
0
Let p(a) = a**3 + 2*a**2 - 8*a + 0*a**2 + 4*a - 2. Let b be 60/14 - (-8)/(-28). Suppose 4*g = 3*h + g + 21, -h = b*g - 13. Calculate p(h).
1
Let v(p) = 9*p**3 + 3*p**2 - 2. Let h(x) = 5*x**3 + x**2 - 1. Let a(z) = 7*h(z) - 4*v(z). Give a(-5).
1
Suppose -5*x - 22 = -h - 10*x, -2*h + 5*x - 16 = 0. Let l(y) = 2*y + 3. Let z(b) = -1. Let m(a) = -l(a) - 4*z(a). What is m(h)?
-3
Let i(v) = v**2 - v. Let w be i(1). Let d(j) = 2*j + 1 + w - 2. Let n = -6 + 5. Determine d(n).
-3
Let y(f) be the second derivative of 2*f**4/3 + 2*f**3/3 - 3*f**2/2 - 4*f. Let w(l) = 7*l**2 + 4*l - 2. Let n(r) = 6*w(r) - 5*y(r). Determine n(-3).
9
Suppose -5*z + 17 = -q, 2*z = -3*q - 3*z + 29. Let i(c) = 26*c**3 - 25*c**3 - 3*c**2 + 2 + 2 + 2*c - c**2. Calculate i(q).
1
Let b(o) = -16*o**2 - 50*o + 21. Let m(t) = 3*t**2 + 10*t - 4. Let s(a) = -2*b(a) - 11*m(a). Calculate s(-9).
11
Let n(c) = 4519 - 4519 - c. Determine n(-3).
3
Let i(f) = -3*f**2 + 2. Suppose 3*x - 1 = -7. Calculate i(x).
-10
Let g(u) = 4*u**2 + 10*u + 7. Let i(n) = 5*n**2 + 11*n + 8. Let y(w) = -6*g(w) + 5*i(w). What is y(4)?
-6
Let g(w) = 3*w**2 + 2*w - 2. Let r(d) = d**2 + 1. Let b be -3*((-15)/(-9))/(-5). Let a(c) = b*g(c) - 2*r(c). Determine a(-4).
4
Let r(b) = -6*b + 14. Let m(u) = 5*u - 11. Let n(z) = -5*m(z) - 4*r(z). Suppose -2*h = -0*h + 4. Determine n(h).
1
Suppose 4*z = -4*q + 8, 3*q + 5*z = -0*q + 8. Let y = q + 4. Let h(w) = 2*w - 4. Give h(y).
6
Let w(o) = -183 + 2*o**2 - 5*o + 183. Give w(4).
12
Suppose y = b + 3, y - 19 = 5*b + 4. Suppose l + 5 = -0. Let j(x) = 7*x**2 + 16*x + 17. Let w(z) = 11*z**2 + 24*z + 26. Let i(v) = l*w(v) + 8*j(v). Give i(b).
-9
Let s be 1 - (0 + -1)/1. Let q = -3 + s. Let p be (-2 - (7 + q))/(-2). Let w(a) = a**2 - 4*a - 1. Calculate w(p).
-1
Let v be ((-35)/10)/7 + (-9)/2. Let c(g) = g + 7. Determine c(v).
2
Let y(l) be the third derivative of -l**8/3360 + l**7/840 + l**4/24 + 2*l**2. Let n(v) be the second derivative of y(v). Let w = 5 + -3. Give n(w).
-4
Let y(x) be the second derivative of x**4/12 - x**3/6 + x**2/2 + 22*x. Calculate y(3).
7
Let z(l) = -l**2 - 3*l + 2. Let x be z(-4). Let m be 1/2 - 25/(-10). Let v(s) = 2*s - 3 + 0*s + 4 - m*s. Determine v(x).
3
Suppose -3*t + 13 = 4. Let u(q) = q**2 + 2*q + 3*q**2 - 3*q**2 - 5 + t*q. Determine u(-4).
-9
Let y be (1/3)/(2/6). Let t(h) = -3*h**3 + h**2 - 2*h + 1. Calculate t(y).
-3
Let y(n) = -n**3 - 3*n**2 - 2*n - 1. Let v(r) = r**2 - 5*r - 5. Let m be v(6). Let t be (-6)/3 + m + 12. Let g = 8 - t. What is y(g)?
5
Suppose 3*m + 42 = 3*x, 0*x - x - 1 = -4*m. Suppose 3*d - x + 5 = v, 0 = 3*d - 12. Let a(o) = o**3 + 2*o**2 - 2*o - 1. What is a(v)?
3
Let z(a) = a**3 + 7*a**2 - 9*a - 11. Let b = -15 + 7. Let o be z(b). Let n(d) = 10 - 3 + 0*d + d. Give n(o).
4
Let k(c) be the third derivative of c**7/840 - c**6/120 + c**5/40 - c**4/12 + c**3 + c**2. Let a(g) be the first derivative of k(g). Calculate a(3).
7
Let o be ((-8)/(-14))/(36/126). Suppose 2*r + 0*r = t - 11, 0 = -2*r + 4. Let f(y) = 0*y - 4*y - 16*y**o + t*y**2 - y. Calculate f(-4).
4
Let t(w) = w**3 + 4*w**2 + 4*w. Let d be t(-3). Let z(c) = 5*c - 22 + 18 + 2*c**2 + 8. Determine z(d).
7
Let r = -4 + -2. Let f(w) be the first derivative of -w**3/3 - 7*w**2/2 + w + 38. What is f(r)?
7
Let v(r) = r**3 + 5*r**2 - 5*r + 8. Let k be v(-6). Let c(b) = 6 + 7*b**k - 10*b**2 + b + 4*b**2. Suppose 0*l = 4*l. What is c(l)?
6
Let x(n) be the second derivative of n**4/4 - n**3/3 + n**2/2 - 3*n. Let q be -2 - 1 - -3 - -2. Give x(q).
9
Let n(m) = -m + 3. Let g be n(0). Let z(q) = 1 - 3*q**2 - 2*q - 9*q**2 + g*q**2. Suppose -3*s + 7 = 2*a - 2, a + 2 = 5*s. Give z(s).
-10
Let q(v) = -5*v**2 - 2*v + 1. Let p(u) = -14*u**2 - 6*u + 4. Let y(d) = -4*p(d) + 11*q(d). Let x be (-2)/3 + 30/(-9). Let c be x*(-1)/(2/(-2)). Give y(c).
3
Let i(x) be the second derivative of 2*x - 1/6*x**3 + 0 - 2*x**2. Suppose -4*k = -15 + 3. Calculate i(k).
-7
Let i be (-10)/(-6) - (-2)/6. Let n(f) = 0*f**2 + f + 0*f**i + f**2 + 4 - 2*f**2. Determine n(4).
-8
Let w(l) = -l**2 + 5*l + 7. Let k(u) = u**2 - 4*u - 6. Let s(t) = -4*k(t) - 3*w(t). Suppose 0*d - 3 = -d. Let f(p) = -p + 6. Let z be f(d). Determine s(z).
-3
Suppose 3 + 3 = 3*h. Suppose 4*n = -h*t + n + 1, n = -t + 1. Let x be (t/1 + -1)*6. Let u(i) = i**2 - 7*i. Determine u(x).
-6
Let t = 13 + -10. Let i(s) = s**3 - 4*s**2. Let g be i(4). Let f(j) = -7 + j**t - j + g*j**3 + 3. What is f(0)?
-4
Let q(k) = k**3 - 4*k**2 - 4*k - 1. Let t be -3 + (5 + 3 - 3). Suppose -3*i + 1 = -t*i - 2*b, 7 = 3*i - 4*b. What is q(i)?
4
Suppose 2 = 2*g - 2. Let m(h) = -4 + h**3 + 0 + h**2 - g*h**2. Let d(a) = -a**3 - a**2 - a - 1. Let u be d(-1). Give m(u).
-4
Let m(f) = f**3 + 4*f**2 + f. Let p be ((-4 - 3) + 5)/((-2)/(-4)). Give m(p).
-4
Let n = -15 + 17. Let d(j) = -6*j**2 + j. Calculate d(n).
-22
Suppose 3*a + 3 + 0 = 0. Let t(f) be the first derivative of -3*f**4/2 - f**3/3 - f**2 - f - 3. Calculate t(a).
6
Let a(h) = -6*h - 7. Let r = -16 + 11. Let o(q) be the first derivative of -11*q**2/2 - 13*q - 1. Let g(l) = r*a(l) + 3*o(l). What is g(-4)?
8
Let q(t) = -3*t - 3. Suppose -3 = 5*w + 7. Let j = w + 5. Suppose -2*u - j*z - 9 = 0, 3*u = -u - z - 13. Determine q(u).
6
Let w(y) = -y**3 - 2*y**2 + 3*y + 2. Suppose 2 = 3*h - 5*h. Let u be (2 - h)/(2 - 3). Calculate w(u).
2
Let q(h) = h - 3*h + 4 + 3*h. Let d = -27 - -32. Calculate q(d).
9
Suppose 4*b = -3*b. Let i(c) = c. Calculate i(b).
0
Let i = 3 - 0. Suppose -3 - 9 = i*t. Let z(s) = 0*s - 3 + 2*s - s. Give z(t).
-7
Let m(h) = -h**3 + 3*h**2 - 2. Let t(n) = n**3 + 5*n**2 - 7*n. Let z be t(-6). Suppose 6 = 4*o - z. Calculate m(o).
-2
Let y(v) = 9*v + 5. Let k(p) = -19*p - 12. Let w(b) = 4*k(b) + 9*y(b). Determine w(-6).
-33
Suppose 4*l + 17 = -g, 0 = -7*g + 2*g + 3*l - 16. Let c(z) be the second derivative of 0 + 5*z - 7/2*z**2 + 1/12*z**4 + 1/2*z**3. Determine c(g).
3
Let h(d) = -d**3 - 5*d**2 + 6. Let k be h(-5). Let w(n) = -n**3 + 5*n**2 + 6*n. Let y be w(k). Let t(z) = -2*z + 6 + 0 + 3*z. Give t(y).
6
Let g(x) = x**2 - 7*x + 6. Let m(c) = -c**3 - 3*c**2 - c + 4. Let q be m(-3). Calculate g(q).
6
Let o(b) = b**3 - 5*b**2 - 5*b - 15. Let v(f) = -2*f**3 + 11*f**2 + 11*f + 31. Let m(i) = 9*o(i) + 4*v(i). Suppos